*d - 1. Let k be i(-1). What is the remainder when 38 is divided by ((-4)/k)/((-8)/(-60))?
8
Suppose -151 = -4*d - 35. Suppose 169 = 5*m + d. What is the remainder when m is divided by (3/(-2))/(2/(-20))?
13
Suppose -2*g + 12 = 4. Suppose -n - 2*h = -g*n + 47, n - 5*h - 33 = 0. Calculate the remainder when 49 is divided by n.
10
Let c = -96 - -143. What is the remainder when c is divided by 10?
7
Suppose 3*k + 2*d = 2*k - 4, 2*d = -2*k - 4. Let m = 6 - k. Let t = m + 3. Calculate the remainder when 17 is divided by t.
8
Let a = -76 + 107. Let i = a + -12. Calculate the remainder when (-28)/((-1)/2 + 0) is divided by i.
18
Let d(r) = 3*r**2 + 17*r + 96. Let h = 80 - 45. Calculate the remainder when d(-6) is divided by h.
32
Let b = -12 - -20. What is the remainder when b is divided by 6?
2
Let h(y) = 3*y**3 - 4*y**2 + y + 3. Calculate the remainder when 38 is divided by h(2).
12
Suppose 7*m = 3*m + 60. Let y = 0 + m. What is the remainder when y is divided by 6?
3
Suppose 0 = 4*g + 4*l - 108, 4 - 2 = -l. Let j(r) = -2*r + 2. Let x = -7 - -3. Calculate the remainder when g is divided by j(x).
9
Suppose 0*w = 2*w - 126. Suppose a - 2*a - w = -5*i, -i = -a - 15. What is the remainder when i is divided by 7?
5
Suppose -2*m + 6 = m. Suppose -v + m*v - 35 = 0. Suppose -4*x - 2 = -38. What is the remainder when v is divided by x?
8
Suppose -4*r - 14 = -d, -2*d - 2*r - 8 = -3*d. Suppose f + 17 = d*f. Calculate the remainder when 66 is divided by f.
15
Calculate the remainder when 18/27*(-135)/(-2) is divided by 12.
9
Let c = 157 - 102. What is the remainder when c is divided by 19?
17
Let d(y) = 25*y**2 + y - 1. Let s be d(1). Suppose 4*o - s = -o. What is the remainder when 9 is divided by o?
4
Calculate the remainder when 18 - (4/14 - 38/(-14)) is divided by 2.
1
Let z = 6 - -8. Calculate the remainder when 39 is divided by z.
11
Let u be (-6)/4*116/(-6). Suppose m - u = -8. What is the remainder when 61 is divided by m?
19
Suppose -44*l + 272 = -40*l. What is the remainder when l is divided by 14?
12
Suppose 4 = -u + 38. Let q = 61 - u. What is the remainder when q is divided by (-10)/(-2)*(-42)/(-15)?
13
Let a(q) = -7*q**2 + q**3 - 2*q + q**2 + 0 + 5*q - 9. Calculate the remainder when 17 is divided by a(6).
8
Let g(d) = -d**2 - 12*d + 1. Let c(x) = -5*x**2 - 47*x + 3. Let n(y) = 2*c(y) - 9*g(y). What is the remainder when n(11) is divided by 8?
6
Let r(u) = -3*u + 84. What is the remainder when r(13) is divided by 25?
20
Let v = 1 - -2. Let j(c) = c**2 - 16*c - 21. Let p be j(19). Suppose 4*a - 3*x - p = a, 0 = v*a + x - 16. What is the remainder when a is divided by 4?
3
Let s = -319 - -334. Let x = 11 - 7. What is the remainder when s is divided by x?
3
Suppose -v + 4*g = -43, 0 = v + 4*g - 11. Let l be 0 - -2 - 152/(-4). Suppose -l - 2 = -3*f. What is the remainder when v is divided by f?
13
Let i be (0 - 1)*37/1. Let p be i/(-7) - 2/7. Suppose -r + p*r - 48 = 0. Calculate the remainder when r is divided by 7.
5
Let w(n) = n**3 + 6*n**2 - 16*n + 8. Calculate the remainder when w(-7) is divided by 6.
5
Let h(s) = 4*s**3 - 2*s**2 + 3*s - 3. What is the remainder when 105 is divided by h(2)?
24
Let p = 6 + -7. What is the remainder when 41 + (p*2 - -1) is divided by 14?
12
Suppose 0 = 2*a - 6*a - 36. Let m(p) = -p + 3. Suppose -5*f + z + 32 = 0, -3*z + 2 = -f - 0*f. Calculate the remainder when m(a) is divided by f.
5
Suppose -2*y - 7 - 2 = 5*n, -4*y + 15 = -n. Calculate the remainder when 16 is divided by y.
1
Let o = 29 - 16. What is the remainder when 3 - (-44 + -2)*1 is divided by o?
10
Let a be 6/(-4)*(-1 + -1). Suppose -a*j - 43 = 47. What is the remainder when 8 is divided by (j/(-4))/(-5)*-2?
2
Suppose -2*b + 40 = 12. What is the remainder when b is divided by 5?
4
Calculate the remainder when (51/12)/((-4)/(-16)) is divided by 11.
6
Let f(p) = -2*p - 2. Let s be f(3). Let v(b) = -2*b - 3. Let j be v(s). Let k = -8 + j. Calculate the remainder when 13 is divided by k.
3
What is the remainder when 694/10 - (-6)/10 is divided by 18?
16
Let j = 608 - 425. What is the remainder when j is divided by 46?
45
Let u be -16*(7/(-2) - -3). What is the remainder when 3 is divided by (-2)/(-4)*(u + -6)?
0
Suppose 0 = 2*f - 0*f - 44. Let x = 37 - 25. What is the remainder when f is divided by x?
10
Let v(a) = -13*a + 9. Let x(s) = -2*s - 5. Let d be x(-5). Suppose 0 = -2*f + d*f - 192. What is the remainder when f is divided by v(-1)?
20
Let w = 103 - 59. Suppose w = 4*z - 0*z. What is the remainder when 42 is divided by z?
9
Suppose -4*a - 3*x + 99 = 0, -5*x - 130 = -5*a + 20. What is the remainder when a is divided by 6?
3
What is the remainder when (-170)/15*(-12)/8 is divided by 6?
5
Suppose 3*v - 4*y - 124 = -0*y, v = 2*y + 38. Calculate the remainder when v is divided by 27.
21
Let i = 3 - 1. Let w = -1 - 3. What is the remainder when (-66)/w + i/4 is divided by 6?
5
Let l = 42 - -3. What is the remainder when 89 is divided by l?
44
Suppose 8*j = 4*j + 88. Calculate the remainder when j/((-4)/12*-3) is divided by 8.
6
Let o = 64 - 35. What is the remainder when o is divided by 11?
7
Let z(y) = y**2 - 6*y - 1. Calculate the remainder when 41 is divided by z(7).
5
Suppose 0 = -5*k - 4*g + 150, 3*g + 2*g - 77 = -2*k. Let w(t) = -10*t - 3. Calculate the remainder when k is divided by w(-1).
5
Let c be (-1 + 0)*(-127 - -1). Suppose 4*a = 2*o + c, -3*o = -a + 3*a - 83. What is the remainder when a is divided by 19?
15
Let a = 15 - 9. Suppose -r = -2*h + 49 - 9, 4*h + r - 92 = 0. What is the remainder when h is divided by a?
4
Let t = -38 + 14. Let s = 43 + t. Calculate the remainder when s is divided by (-22)/(-3) + (-2)/6.
5
Suppose 107 = 3*f + o, 4*f - o = 4*o + 149. Calculate the remainder when f is divided by 13.
10
Let a be (-131)/(-2) + (-1)/2. Suppose 20 - a = -5*w. Calculate the remainder when 35 is divided by w.
8
Let r = 4 + -1. Suppose -2*f + r*f = 13. Let z = -48 - -85. What is the remainder when z is divided by f?
11
Suppose 0 = -5*x + 2*x + 6. Suppose 0 = -x*h - h + 15. Calculate the remainder when h is divided by 3.
2
Let c(k) = 5*k**2 + 2*k + 1. What is the remainder when c(-2) is divided by 10?
7
Suppose 27 + 16 = t - 3*n, -5*n + 59 = 3*t. Calculate the remainder when 81 is divided by t.
25
Suppose -107 + 12 = -5*l. Suppose 0 = 102*n - 100*n - 10. Calculate the remainder when l is divided by n.
4
Let k(t) = -17*t - 10. Calculate the remainder when k(-2) is divided by 5.
4
Calculate the remainder when (-1 + -6 - 3)/((-2)/19) is divided by 20.
15
Let r(v) = 28*v**2 - 3*v + 3. What is the remainder when r(1) is divided by 10?
8
Calculate the remainder when (-3087)/(-15) + 4/20 is divided by 52.
50
Suppose 694 = 16*b - 170. Calculate the remainder when 160 is divided by b.
52
Let k be (18 + 2)*5/2. Suppose -3*r + k = 2. Suppose -4*u + 4 = -4*c, 3*c - 7 = 8. Calculate the remainder when r is divided by u.
4
Suppose -55 = -6*f + 23. Let p(s) be the third derivative of -s**6/15 - s**4/24 - s**3/6 - s**2. What is the remainder when f is divided by p(-1)?
5
What is the remainder when (-1 - -31)/(-10)*200/(-6) is divided by 17?
15
Suppose 4*t + 755 = 5*u, 2*t + 129 + 244 = u. Let z be t/(-15) + (-2)/(-3). Let i = z + -1. Calculate the remainder when 35 is divided by i.
11
Let u = -46 - -77. Calculate the remainder when u is divided by 17.
14
Let w = -3 + 7. Let m = 2 + 5. Calculate the remainder when m is divided by w.
3
Suppose 36 = 5*x - x. Let h be 4/(-10) - (-6)/15. Suppose 0 = b - h*b - 17. Calculate the remainder when b is divided by x.
8
Suppose 2*x + 4*y = 96, 0 = 4*x - 5*y + 8 - 265. Calculate the remainder when x is divided by 15.
13
Suppose -17*h + 23*h - 42 = 0. Suppose f + 2 - 4 = 0, 28 = 2*l + f. Calculate the remainder when l is divided by h.
6
Let z = 30 + -18. Let b(j) = j**2 + 3. Calculate the remainder when z is divided by b(-2).
5
Let t = -64 + 27. Let x = t + 52. What is the remainder when 29 is divided by x?
14
Let a(g) = g**2 + 11*g + 11. Let p(m) = -3*m + 1. Let z be p(-1). Suppose 5*i = -r + 23, z*r - 4*i + i = 0. Calculate the remainder when r is divided by a(-10).
0
Let m = 97 - 6. What is the remainder when m is divided by 23?
22
Let b = 5 - -18. Calculate the remainder when 68 is divided by b.
22
Suppose d = -2*b